 = -2*x. What is m(k)?
-1
Let h(r) = -1013*r**2 - 4 + 3*r**3 + 340*r**2 + 1 + 335*r**2 + 339*r**2. Determine h(0).
-3
Suppose 0 = -k + 4*k, 0 = 4*j - k - 252. Suppose 14*g - j = 21. Let c(o) be the third derivative of o**6/120 - 7*o**5/60 + o**4/3 - o**3/6 + o**2. Give c(g).
11
Suppose 3*d = -d + 2*v + 28, 5*v = 2*d - 22. Let f(g) be the first derivative of -g**3/3 + 4*g**2 - 11*g + 9105. Determine f(d).
1
Let z be 2/6 - 2672/(-48). Let c(d) = d**3 - 13*d**2 + z*d - 2 - 56*d + 19*d**2. Give c(-6).
-2
Let c(t) be the third derivative of 2/15*t**5 - 2*t**2 - 1/12*t**4 + 0 - 3*t + 0*t**3 - 1/120*t**6. Calculate c(8).
-16
Let z(n) = 2*n**3 - 17*n**2 - 13*n + 15. Suppose -435*l = 11*l - 4014. Determine z(l).
-21
Let g(f) = f**2 + 9*f - 3. Let r(b) be the third derivative of -7*b**4/24 + 95*b**3/6 + b**2 + 81. Let x be r(15). Give g(x).
7
Let s(t) = 54*t + 4. Suppose -90*b = -2*u - 93*b - 12, -8 = -u + 2*b. Calculate s(u).
4
Let y(u) = -2*u**2 + u + u**2 + 4*u + 2. Suppose n + 160 = 3*n + d, -2*n = 4*d - 172. Let b = 83 - n. Calculate y(b).
2
Let o be -1*5 - (-1 + 1). Let a(p) be the second derivative of -61*p + 0 - 1/3*p**3 - 1/12*p**4 + 7/2*p**2. Give a(o).
-8
Let y(k) = -16*k - 4390 - 4402 + 8762. Give y(-3).
18
Suppose 4*q - 198*z + 202*z - 20 = 0, 11 = q + 4*z. Let b(f) be the third derivative of 0 - 1/24*f**4 + 0*f + 2*f**3 + q*f**2. Determine b(5).
7
Let l(a) = -a**3 + 9*a + 7 - 8 + 2*a**3 - 8*a**2. Suppose -t - 4*m - m = 1, -m = -2*t + 20. Let b = 15 - t. Give l(b).
-19
Let o(f) = 2 + 4 - f + 0. Suppose -u = -g + 12, -4*g + 13*u - 48 = -150. Determine o(g).
0
Let n be (-4532)/(-8) + (0 - 18/(-12)). Let r = n + -574. Let i(f) = f**3 + 7*f + 7*f**2 + 4 - 3 + 2. What is i(r)?
-3
Let z(l) = 2*l**3 - 27*l**2 + 118*l - 1361. Let k be z(13). Let s(y) be the third derivative of 1/24*y**k - 1/6*y**3 + 30*y**2 + 0*y - 1. Give s(0).
-1
Let a(l) = -3*l - 62. Let d = -21772 + 21760. Give a(d).
-26
Let g be ((-140)/(-56))/(15/108). Let i(u) = -g*u**2 + u**2 + 15*u + 3*u**2 - u**3. Determine i(-15).
0
Let z(f) = -f**2 - 6*f + 2*f + 0 + 1. Let g(o) = 10*o + 120. Let v be g(-12). Suppose 2*t + 17*t + 95 = v. What is z(t)?
-4
Let u(p) be the second derivative of 5/2*p**2 + 11*p - 1/6*p**3 + 0. Suppose 0 = -2*a + 3*a. What is u(a)?
5
Let x(k) = k**3 - 10*k**2 - 9. Let s be (4 - 5)/(68/(-24) - -3). Let z be 6 + (-16)/6*s/4. Determine x(z).
-9
Let p(j) be the second derivative of 14*j + 0 + 0*j**3 - 5/4*j**4 - 1/120*j**5 + 0*j**2 - 1/120*j**6. Let k(s) be the third derivative of p(s). What is k(-1)?
5
Suppose -5*v + 783 = -3*f - 893, 5*f + 2804 = 3*v. Let b = f - -303. Let d be b/(-35) + (-2)/5. Let k(a) = -a**2 + 4*a + 1. Give k(d).
-20
Let p be (3 + -5 - -2) + -4. Let d = 52 - -64. Let l(a) = d*a - 57*a - 57*a - 2. What is l(p)?
-10
Let d(b) be the first derivative of -12*b**2 + 22*b - 7059. Calculate d(1).
-2
Let h(b) be the second derivative of -b**8/6720 - b**7/504 + b**5/30 - b**4/12 - 2*b**2 - 6*b - 1. Let i(l) be the third derivative of h(l). Determine i(-5).
4
Let p(r) be the third derivative of 25/6*r**3 + 0*r - 5 + 11*r**2 - 1/12*r**4. Give p(11).
3
Let y(w) be the first derivative of 13*w**2/2 - 685*w - 15986. Calculate y(53).
4
Suppose -2*s + 4*y - 3*y = -190, -5*s + y = -469. Suppose -8*n + 11*n = s. Let w = n + -25. Let o(m) = 3*m + 2. Give o(w).
20
Let x(n) be the second derivative of n**4/4 + n**3/2 + 3*n**2/2 - 2*n. Suppose 0 = r - 5*t + 12, -6 = 5*r - 396*t + 398*t. Determine x(r).
9
Suppose -7*u + 4*u - 6 = 0. Let a(o) = 84*o**2 - 168*o**2 + 3 + 1 + 87*o**2 + 5*o. Give a(u).
6
Let a = -55 + 53. Let r = 1 - a. Let l(z) = 4*z - 3. Let o(k) = -3*k + 2. Let g(i) = 2*l(i) + 3*o(i). What is g(r)?
-3
Let l(o) = -150 + 5*o + 3*o - 12*o - 137 - 7*o. Calculate l(-26).
-1
Let w(c) = 2*c + 2. Let k be w(-1). Let u = 3 + k. Let s(r) = 2*r**u + 10*r + 8*r**2 + 187 - 179 - r**3. What is s(-7)?
-13
Let p(n) be the first derivative of -5*n**2 + 7/120*n**6 + 0*n + 1/30*n**5 + 0*n**4 + 32 - 1/6*n**3. Let v(z) be the second derivative of p(z). Give v(-1).
-6
Let x(y) = 5*y**3 - 31*y**2 - 29*y + 60. Let s(r) = -21*r**3 + 131*r**2 + 115*r - 243. Let c(h) = 6*s(h) + 25*x(h). Determine c(7).
-7
Let w(p) be the third derivative of -p**6/120 + p**5/30 + p**4/2 + 13*p**3/6 - p**2 - 119*p + 6. What is w(-2)?
5
Let l(w) = -6*w + 111. Let r be (-3684)/(-2763)*(0 - (-51)/4). Determine l(r).
9
Let p(f) = f**2 - f - 13. Let x(r) = 5*r - 10. Suppose 16 = 6*i + 4. Let g be x(i). Calculate p(g).
-13
Let s(r) = -3*r**2 + 78*r - 139. Let u(v) = 5*v**2 - 116*v + 206. Let w(g) = 7*s(g) + 5*u(g). What is w(6)?
-3
Let l = -111 + 105. Let s(d) be the second derivative of -d**4/24 - d**3 - d**2 - 22*d. Let p(n) be the first derivative of s(n). Calculate p(l).
0
Let c(f) = -f**2 + 7*f - 3. Let l be c(6). Let t = 81 + -79. Let p(s) = -4*s**t + s + 545*s**3 - 276*s**3 - 268*s**3 + 4. Calculate p(l).
-2
Let f(g) = g + 20. Let w(a) = -7*a**3 - 4*a**2 + 4*a + 13. Let y(o) = -3*o**3 - 2*o**2 + 2*o + 6. Let s(d) = 2*w(d) - 5*y(d). Let x be s(-2). Determine f(x).
20
Suppose 13*p = 4*p - 2*p. Let j(d) = 5 + 2 - 3*d**2 + 6*d - d. Let n(h) = -5*h**2 + 8*h + 10. Let c(g) = 8*j(g) - 5*n(g). Give c(p).
6
Let s(p) = -p**2 - 2*p + 5 + 5*p**3 - 6*p**3 - 4*p**2. Let y(k) = -11*k + 3*k**2 + 4 + 15*k + 2*k**3 - k**3 + 4. Let q be y(-3). Give s(q).
-3
Let d(o) = 57 - o**3 + 11*o**2 - 2*o - 2*o - 4 - 9*o - 2*o. Calculate d(10).
3
Suppose c + 4*o - 15 = o, 4*c - 2*o = -10. Suppose 103*x - 104*x + 6 = c. Let k(z) = -z**3 + 6*z**2 - 3. Calculate k(x).
-3
Let c(l) = l + 99. Let j(q) = -2*q - 227. Let r(m) = -7*c(m) - 3*j(m). Calculate r(-13).
1
Let d be (-4)/(64/(-1140)) - 2/8. Suppose d*r - 15 = 66*r. Let x(h) = h**2 - 5*h**2 + r*h**2 + h - 5*h**2 + h**3. Calculate x(6).
6
Suppose 3*u = 9*u - 30. Let d(h) = -18*h + 31*h - u*h. Determine d(1).
8
Let x(y) = 2*y**2 + 9*y - 1. Let i = -207 + 167. Let h be 164/i + 2/20. Determine x(h).
-5
Let a(b) = b**2 + 7*b - 13. Let q be 6/(-9)*(-12 + 6). Suppose 5*g = -q*m - 21, 0 = -32*m + 36*m - 4*g + 48. Calculate a(m).
5
Let x(n) = -15 + 6 + 7 - 16*n + 15*n + 5. Let q be (-2 + (-6)/(-4))*2. What is x(q)?
4
Let n(d) = -4*d**2 - d - 1. Suppose 0 = 5*l - 5*o - 15, 4*o - 13 = -5*l + 7*o. Calculate n(l).
-19
Let f(b) = b**3 + 3*b**2 + 4*b - 5. Suppose 19*q - 16 = 79. Let v(x) = 2*x**3 + 5*x**2 + 7*x - 10. Let l(r) = q*f(r) - 3*v(r). Give l(0).
5
Let j(i) = 6*i + 7. Suppose 0 = 5*m + 4*b + 81, -2*m + 347*b - 14 = 344*b. What is j(m)?
-71
Let s = 5 + 3. Suppose -s*k = -6*k + 8. Let g(q) be the second derivative of q**5/20 + q**4/3 - q**3/2 - 3*q**2/2 + 49*q. Determine g(k).
9
Let r(t) = 2*t - 30. Let l(w) = 2*w - 27. Let z(g) = -3*l(g) + 2*r(g). Give z(-3).
27
Let s(x) = x**3 + 6*x**2 - 2*x - 2. Let l be s(-6). Let c(n) = -5*n**2 - 4*n**2 + n**3 + 9546 - 11*n - 9534. Calculate c(l).
2
Let i(s) = -979*s - 4889. Let l be i(-5). Let r(j) = j**3 + 4 - j**2 - 3 - 5*j**2. Give r(l).
1
Let m = -67 + 77. Let j be -3 + 0 - (m/(-5) + -3). Let b(a) = -j + 260*a + 4*a**2 - 259*a - 3*a**2. What is b(-2)?
0
Let g(c) = 2*c - 22. Let a = -85 + 94. Let n be g(a). Let b(d) = d**3 + 2*d**2 - 9*d + 1. What is b(n)?
5
Let t be 1 + (2 - (-12)/(-1)). Let a(v) = -5*v**2 - 6*v + 62. Let u(x) = -9*x**2 - 12*x + 110. Let f(i) = -7*a(i) + 4*u(i). Determine f(t).
-21
Suppose f + 4 = 3*f. Suppose -2*t + 22 = 3*y + f*y, -2*y = 4*t - 12. Let i = t - -7. Let a(l) = l**3 - 9*l**2 + 8*l. Determine a(i).
0
Let t = -72 + -569. Let i = 646 + t. Let m(w) = 2*w**2 - 3*w**2 - w + 4*w. Calculate m(i).
-10
Suppose 10*f - 12*f = -14. Let y be 46/(-14) + 2/f. Let g(l) = 3*l - 4. Let d(v) = -5*v + 8. Let n(o) = 6*d(o) + 11*g(o). What is n(y)?
-5
Let c(p) = p**3 - 80*p**2 + 3*p + 6005. Let x be c(79). Let s(h) = -204*h**2 + 6*h - 4. Give s(x).
-202
Let w(z) = z - 3. Let m be w(5). Suppose 0 = -2*x - m*x + 16. Let k(s) = -13895*s**2 + 13896*s**2 - 4*s + 2*s - 1. Calculate k(x).
7
Suppose 26 = -5*r - 4. Suppose -4*f - 11 = -39. Let z(h) = -5*h**2 - 15*h**3 - h + h**2 + f*h + 3 + 14*h**3 - h**2. Give z(r).
3
Suppose 142 = n + 131. Suppose i = -0*i + 4*c - n, -5*c - 22 = 2*i. Let a be (-39)/(-33) - (-2)/i. Let x(m) = 5*m**3 + 2*m**2 - 2*m + 1. What is x(a)?
6
Let u(l) = l**3 - 4*l**2 - 4*l + 5. Let g = -490 + 460. Let d be 1*